0 - -48 - (10 - 12) - 15.
25
Calculate (-3 - -4 - 12) + (-17 - -24).
-4
-2 + -5 + 44 + -29
8
What is the value of (-7 - -2) + 6 + (-38 - -38)?
1
Evaluate 7 + -7 + -1 + -3 + 4 + 15.
15
Evaluate (0 - -2) + (-34 - (-46 + 24)).
-10
Calculate -3 - ((1 - 1) + (-6 - 4 - -10)).
-3
What is -10 - 0 - (-1 + 5 - (15 + -9))?
-8
Evaluate 11 + (-8 - -5) + -1 - 18.
-11
Calculate 36 - (72 - 20) - -26.
10
(30 - 67) + 11 - -50
24
-8 + 6 + -8 + 5
-5
Calculate -7 - (1 + (-9 + -6 - -7)) - -19.
19
What is (19 + -26 + -2 - (-1 + -33)) + 0?
25
Calculate 16 + 0 + -12 - -10.
14
Evaluate (4 - 31 - 3) + -15 + 31.
-14
What is 4 + (-2 + -26 - -9 - -10) - 12?
-17
Evaluate -10 - (16 + -38 + 4).
8
-5 + 8 + -2 + (-12 + -8 - -13)
-6
Evaluate 2 + 6 + -16 - -6.
-2
What is the value of (13 - (0 - -18) - (-5 - 2)) + -10?
-8
What is the value of (2 - -1) + (-2 + 0 - (39 + -41))?
3
(-23 - -20) + 6 + 10
13
What is the value of 9 + -14 + 8 + -18?
-15
What is 16 - (-9 - (1 + -5 - (-6 - -8)))?
19
What is the value of (-1 - 1) + 17 - (22 + 13 + -31)?
11
What is (-25 - 19) + 21 - -14?
-9
Calculate 6 - 11 - (5 - (-2 - (4 - 5))).
-11
What is 9 - ((-5 - (8 - 2 - 9)) + 2)?
9
Evaluate 477 - 514 - (-25 + 1).
-13
Evaluate -14 + 30 - 7 - (2 + 1 - 7).
13
(-64 - -38) + 1 + 53
28
-4 + -16 + 6 + 8 + 1
-5
What is the value of (-20 - (-22 + 3)) + -16?
-17
What is (15 - 16) + 32 + -6?
25
Calculate 11 + -2 + (8 - 16).
1
Calculate 1 + -1 + 0 - (3546 - 3543).
-3
-20 - -2 - (-9 + (-9 - (-6 + -5)))
-11
(-12 - 1) + (9 - (3 - 7)) + -11
-11
Calculate -10 - 30 - (2 + 1 + 4 + -14).
-33
Calculate 0 + (-3 - -8) - 7 - 6.
-8
-10 + (15 - (-7 + 31))
-19
What is -4 - ((-6 - 18) + 12 - -11)?
-3
Calculate (-39 - -23 - 19) + 38.
3
Calculate (-39 - -34) + -20 + 15.
-10
Calculate (10 - -3) + -3 + -9.
1
14 + -4 + (10 - 6) + -2 + 2
14
Calculate -13 - (20 - 28) - -15.
10
Evaluate (-17 - (18 - 20)) + 3.
-12
Evaluate (0 + 6 - 12) + 11 + 9 + -5.
9
What is -17 + -12 - -15 - -17?
3
Calculate (22 - 25) + (-2 - -4) + (-5 - 0).
-6
Calculate (22 - 2) + (16 - 14).
22
Evaluate -10 + (3 - (1 + -7) - 5) - 5.
-11
What is -13 + (16 - -1) + -17?
-13
What is -282 + 283 - (-3 + -1)?
5
Evaluate -3 - (-7 - (-1 + (-7 - -7))) - -12.
15
What is the value of (11 - -1) + 0 + (0 - -2) + -5?
9
21 + -20 - 11 - (-2 - (-3 - 1))
-12
Calculate (0 + (6 - 1) - (6 + -1)) + 6.
6
Evaluate 0 + (3 - (0 - 0)).
3
Calculate 6 - (2 + -2 + (27 - 15)).
-6
Evaluate -36 - -29 - (6 - 1).
-12
What is the value of 4 - 12 - (17 + -7 - 4)?
-14
Calculate -6 + 6 + (2 - 11 - -6) + 8.
5
Evaluate 5 + 2 + -15 + (-20 - -13) - -8.
-7
What is the value of 3 + -48 - 0 - (-198 - -189)?
-36
Calculate -3 - (1 - 8 - 2 - -21).
-15
What is -23 + (32 - 16) + (-10 - -1)?
-16
-2 + 7 + 5 + -8
2
Evaluate 1 + 6 - (-64 + 170 + -79).
-20
Evaluate -14 + (-8 - -30 - 15 - -5).
-2
What is -11 + 3 - -4 - (9 + 4) - -3?
-14
What is the value of -16 + (15 - -27) + -32?
-6
(-57 - -32) + 7 + 11
-7
What is 5 - (11 + (-3 - 2))?
-1
What is the value of -1 + (-2 - -3) - (-15 + 13) - -7?
9
Evaluate 12 + (1 - -2) + 0 - (94 - 86).
7
Evaluate 2 + -7 + -2 - 1 - (-9 - 3).
4
(-6 + -4 - -16) + (-4 - 0 - 31)
-29
Calculate -240 + 237 + (1 - -1).
-1
1 - 11 - (25 + -2 - 26)
-7
What is the value of (-5 + 10 - 2) + 8 + 0?
11
Evaluate 5 + (-4 - 5) + 6 - (-2 - -6).
-2
Evaluate -33 + 3 - (320 + -338).
-12
What is (1 - -9) + (-70 - (-25 - -49 - 48))?
-36
What is the value of 18 - ((5 - 3) + (0 - -22))?
-6
What is 2 + (4 - 7) + -14 + -16 + 15?
-16
Calculate -5 - (5 + -1) - (-36 - -35).
-8
-24 + 18 + 4 + 6 + -1 + -3
0
Evaluate (-10 - -22) + -11 + (-1 + -4 - 2).
-6
What is the value of (-36 - (-13 + 6)) + 11?
-18
What is -94 + 96 + (1 - -10)?
13
-286 - -295 - (-3 + 1 + -4)
15
(1 + 16 + -7 - 18) + 10
2
Evaluate (6 - 2 - 4) + (25 - 11) + -9.
5
What is the value of -9 + -22 + 40 + 30?
39
What is (-3 - (-1 + 2)) + (2 + 31 - 0)?
29
What is -4 + (5 - -12) - ((19 - 25) + -3)?
22
Evaluate (-22 - -28) + (2 - 12) - 12.
-16
What is (-29 - 0) + (2 - -8) + -12?
-31
Evaluate -43 + 50 + -53 - -39.
-7
What is (8 - 3) + (15 - 4) - (10 - 6)?
12
What is 3 - (9 + -1 + -10 + -4 + 0)?
9
(14 + -13 - 13) + (-6 - 3)
-21
What is 35 + (5 - -4) + -8 + -3 - 10?
23
-22 + 17 - ((-4 - 0) + 12)
-13
What is the value of -140 + 147 - (-1 + (-2 - -22))?
-12
Calculate -9 - -4 - (3 + 0 + 0 + -11).
3
-28 + (-27 - -80) - 0
25
Calculate (-1 - -3) + (5 - 17) + (-7 - -1).
-16
What is 3 - (19 + -14 + 0 + 3 + 1)?
-6
(-1 - -13) + -11 - (-7 + 2)
6
Calculate (12 - (12 - 8)) + -2 - (9 - 0).
-3
Evaluate 11 + (6 - 5 - 16) - 4.
-8
What is (-4 - -4 - 10) + 4 - (85 - 65)?
-26
(31 + -26 - 12) + (-1 - 0) + -9
-17
(0 - -22) + 30 + -37
15
(3 - 0) + (4 - -7) + -12 + 4
6
Evaluate (169 - 175) + (8 - 6 - (8 - 1)).
-11
Evaluate (1 - 9) + 10 - (-6 + 4).
4
What is the value of (10 - (3 - -11)) + -1 + 21 + -1?
15
Evaluate -156 + 163 + -16 + -1 + 9.
-1
What is 1 + -2 + 18 + -8 + -1?
8
What is the value of -5 - 8 - 2 - -16?
1
Evaluate 3 - (-17 + 20 + -12).
12
Calculate 98 + -95 + (-1 - (2 - 2)) - 6.
-4
What is -1 - (-3 + -17 + 45)?
-26
Evaluate 17 - (-8 + (-11 - -30)).
6
Evaluate -4 - -15 - (24 - 29) - 0.
16
Evaluate 8 - (-30 + 3 + 7).
28
Calculate (-6 - -5) + 29 + 6.
34
(-57 + 34 - -23) + 1 + 14
15
-16 + 1 + 17 - 3
-1
Evaluate 8 - (22 + 5 + -2 + (-2 - 6)).
-9
What is 0 + 27 - 11 - 26?
-10
4 + 0 + 1 + (-118 - -113) + -28
-28
What is the value of 227 + -205 - (2 + (-1 - 8))?
29
What is 42 - (-36 + 112) - -11?
-23
Calculate -75 + 68 + -9 + 2.
-14
What is -51 + 36 + -14 - -9?
-20
What is (0 + 2 - -3) + (0 - (5 + 1))?
-1
Calculate 10 - (-6 - (-11 - (13 - 21))).
13
Evaluate 3 + -10 + -23 + -9 + 26.
-13
What is (35 - ((13 - 5) + 9)) + 4?
22
What is the value of 2 + 10 + -39 + 1 - -3?
-23
What is the value of -3 + (-1 + -28 - (-13 + 6 - -1))?
-26
-22 + 5 + (0 - -6) - 5 - -9
-7
What is the value of (-186 + 179 - ((-5 - -2) + -2)) + 7?
5
What is the value of (-13 - -25) + -1 + -23?
-12
What is the value of 105 + 0 + -81 - (3 + -2 + -8)?
31
Evaluate 8 - (23 + -32 + 15).
2
Calculate (95 - 89) + (-3 - -8) + 2.
13
-14 + (-4 + 11 - ((11 - -10) + -20))
-8
What is the value of 28 + -23 + (3 - (0 - -2)) + -3?
3
What is (3 - (0 + 3) - (-6 + 0)) + -6?
0
What is -5 + 3 + (2 - 3) - -5 - -14?
16
Calculate (-363 - -373) + (29 - 3).
36
-14 - (0 - (-6 + -3 - -11))
-12
(-22 - -2 - (-30 + (-14 - -38))) + -4
-18
Calculate (16 + -2 - (42 + -58)) + (0 - -10).
40
What is the value of -11 + 16 - (-9 - -7)?
7
228 + -220 + -2 + (-2 - -4)
8
16 + (9 - -1) + -4 + -9
13
What is the value of 4 + -2 - (-9 + (-19 - -11)) - 4?
15
What is the value of (33 - (-27 + 54)) + (1 - (23 - 0))?
-16
What is (168 - 184) + (0 - -2) + -1?
-15
Calculate -33 - -24 - (-2 + 4 - -1).
-12
What is 22 + (-23 + 18 - (0 - -4))?
13
4 - (3 + 11 + (-7 - 19))
16
-1 + (-13 - ((4 - -5) + -35))
12
What is the value of 6 - 0 - (-24 - (-22 + 9 - 9))?
8
What is (-1 - -7) + (8 - (-6 - -22))?
-2
Calculate -2 + 12 + 4 + -8 + (-3 - -2).
5
Evaluate -31 + -2 + 5 + 10 + 5.
-13
Evaluate -4 - ((-1 - 2) + -9) - (18 + 0).
-10
What is (1 - 6) + 10 + 1 + -3 + -8?
-5
Evaluate -1 + (7 - (14 - (4 - 0))).
-4
Calculate -31 + -16 + 14 + 59.
26
Calculate -2 - (18 + (-14 - -8)).
-14
Evaluate 2 - (24 + (13 - 9)) - -9.
-17
What is -3 - (8 + -8 - -9)?
-12
Calculate -2 - (4 + -4) - (-6 + 6).
-2
35 - (-2 - (-14 - 11))
12
Evaluate 2 - ((-3 - -7) + -10 - -14).
-6
Evaluate -6 + 15 + -3 + (3 - (3 - -2)).
4
What is 24 - 0 - (-1540 - -1545)?
19
What is the value of 10 + 3 + (-2 - 16)?
-5
What is the value of (-5 - (-6 - -10)) + 22?
13
What is 23 - (43 - (22 + -37))?
-35
Calculate (16 - (24 + 0)) + 15.
7
What is -8 - (-10 - (6 + 1))?
9
1 - 0 - -6 - (7 + 5 + -20)
15
-2 - (-9 + 5 + -15 + 15)
2
What is the value of -3 + (-2 - -5) + -6 + 9?
3
What is -19 + (94 + -96 - (12 - -2))?
-35
Evaluate -10 + 4 + 9 + -3 + 19.
19
Calculate -1 - -1 - (4 + -16 + (12 - 6)).
6
Evaluate -27 - (34 + -7 + -22).
-32
What is the value of -18 - (70 + -39) - -16?
-33
What is (-81 - -62) + (-1 - -12)?
-8
What is (0 - (22 - 0)) + (-93 - -100)?
-15
Evaluate 12 + (7 - (-7 + 6)) + -4.
16
Evaluate -106 + 92 - (2 - (5 + 32)).
21
What is the value of 31 - (12 - -26) - (1 - 3)?
-5
What is the value of (4 - (-7 + 10 + 5)) + 11?
7
Evaluate (-54 - (-6 - 50)) + 15 + 1.
18
What is (13 - -10) + -13 + (-3 - -6)?
13
(2 - -2 - 15) + (7 - 32)
-36
-17 